{"id":15,"date":"2015-05-30T16:02:23","date_gmt":"2015-05-30T16:02:23","guid":{"rendered":"http:\/\/www.absalonsgade8.dk\/?page_id=15"},"modified":"2024-01-24T12:56:07","modified_gmt":"2024-01-24T12:56:07","slug":"vugs-venner","status":"publish","type":"page","link":"http:\/\/www.absalonsgade8.dk\/?page_id=15","title":{"rendered":"VUGs Venner"},"content":{"rendered":"<p><strong><span style=\"font-family: 'trebuchet ms', geneva, sans-serif; font-size: 12pt;\">HVEM ER VUGs VENNER?<\/span><\/strong><br \/>\n<span style=\"font-family: 'trebuchet ms', geneva, sans-serif; font-size: 12pt;\">VUG&#8217;s venner er en st\u00f8tte forening for Vesterbro Ungdomsg\u00e5rd. Absalonsgade8.dk er foreningens hjemmeside. Initiativet til at stifte foreningen &#8211; VUGs Venner &#8211; blev taget af en gruppe gamle medlemmer i forbindelse med Vesterbro Ungdomsg\u00e5rd 50 \u00e5rs jubil\u00e6um i 2008.<\/span><\/p>\n<p><span style=\"font-family: 'trebuchet ms', geneva, sans-serif; font-size: 12pt;\">Foreningen blev endeligt stiftet ved en stiftende generalforsamling, som blev afholdt i Carl Brisson salen, l\u00f8rdag den 25. oktober 2008.<\/span><\/p>\n<p><span style=\"font-family: 'trebuchet ms', geneva, sans-serif; font-size: 12pt;\">Ved denne lejlighed blev foreningens <a href=\"http:\/\/www.absalonsgade8.dk\/vedtaegter_2013.pdf\" target=\"_blank\" rel=\"noopener noreferrer\">vedt\u00e6gter<\/a> ogs\u00e5 udformet og vedtaget.<\/span><\/p>\n<p style=\"text-align: justify;\"><span style=\"font-family: 'trebuchet ms', geneva, sans-serif; font-size: 12pt;\">KLUBR\u00c5DET<\/span><br \/>\n<span style=\"font-family: 'trebuchet ms', geneva, sans-serif; font-size: 12pt;\"><a href=\"http:\/\/www.absalonsgade8.dk\/?page_id=429\"> Klubr\u00e5det<\/a> administrerer alle arrangementer herunder generalforsamlingerne.<\/span><br \/>\n<span style=\"font-family: 'trebuchet ms', geneva, sans-serif; font-size: 12pt;\"> Her ses klubr\u00e5det s\u00e6son 2019\/2020<\/span><\/p>\n<p><img loading=\"lazy\" decoding=\"async\" class=\"aligncenter wp-image-1294 size-large\" src=\"http:\/\/www.absalonsgade8.dk\/wp-content\/uploads\/2019\/12\/2019115_035_klubaften-1024x592.jpg\" alt=\"\" width=\"640\" height=\"370\" srcset=\"http:\/\/www.absalonsgade8.dk\/wp-content\/uploads\/2019\/12\/2019115_035_klubaften-1024x592.jpg 1024w, http:\/\/www.absalonsgade8.dk\/wp-content\/uploads\/2019\/12\/2019115_035_klubaften-300x174.jpg 300w, http:\/\/www.absalonsgade8.dk\/wp-content\/uploads\/2019\/12\/2019115_035_klubaften-768x444.jpg 768w, http:\/\/www.absalonsgade8.dk\/wp-content\/uploads\/2019\/12\/2019115_035_klubaften-1536x888.jpg 1536w, http:\/\/www.absalonsgade8.dk\/wp-content\/uploads\/2019\/12\/2019115_035_klubaften-2048x1185.jpg 2048w\" sizes=\"auto, (max-width: 640px) 100vw, 640px\" \/><\/p>\n<p><span style=\"font-family: 'trebuchet ms', geneva, sans-serif; font-size: 12pt;\">KONTAKT<\/span><br \/>\n<span style=\"font-family: 'trebuchet ms', geneva, sans-serif; font-size: 12pt;\">VUGs Venner kan kontaktes p\u00e5 <a href=\"mailto:venvug@absalonsgade8.dk\">venvug@absalonsgade8.dk<\/a>.<\/span><\/p>\n<p><span style=\"font-family: 'trebuchet ms', geneva, sans-serif; font-size: 12pt;\">WEBMASTER<\/span><br \/>\n<span style=\"font-family: 'trebuchet ms', geneva, sans-serif; font-size: 12pt;\"><a href=\"mailto:torben@absalonsgade8.dk\">Torben Nyman Nielsen<\/a><\/span><\/p>\n<p><strong><span style=\"font-family: 'trebuchet ms', geneva, sans-serif; font-size: 12pt;\">MEDLEMSKAB<\/span><\/strong><br \/>\n<span style=\"font-family: 'trebuchet ms', geneva, sans-serif; font-size: 12pt;\">\u00d8nsker du at blive medlem skal du udfylde nedenst\u00e5ende formular og indbetale kontingent bel\u00f8bet.<\/span><\/p>\n<p><strong><span style=\"font-family: 'trebuchet ms', geneva, sans-serif; font-size: 12pt;\">KONTINGENT<\/span><\/strong><br \/>\n<span style=\"font-family: 'trebuchet ms', geneva, sans-serif; font-size: 12pt;\">\u00c5rligt kontingent: 100 kr. Fornyelse pr. 1. september.<\/span><br \/>\n<span style=\"font-family: 'trebuchet ms', geneva, sans-serif; font-size: 12pt;\">Bel\u00f8bet bedes indbetalt p\u00e5\u00a0foreningens konto\u00a05501 7562934140.<br \/>\nDu kan ogs\u00e5 betale med MobilePay til Palle Emanuel p\u00e5 31 43 23 77.<br \/>\n<\/span><\/p>\n<hr \/>\n<p><strong><span style=\"font-family: 'trebuchet ms', geneva, sans-serif; font-size: 12pt;\">FORMULAR TIL MEDLEMSKAB<\/span><\/strong><br \/>\n<span style=\"font-family: 'trebuchet ms', geneva, sans-serif; font-size: 12pt;\">Udfyld formularen og tryk send.<\/span><\/p>\n<p style=\"text-align: center;\"><style>.form-control { clear: both; display: block; }<\/style><div class=\"wpcf_wrapper\">\r\n<form action=\"\" method=\"POST\" name=\"wpcf_nd\" id=\"wpcf_nd\" class=\"wpcf_nd wpcf_nd_36387951565 wpcf_nd--\" cfid=\"36387951565\" enctype=\"multipart\/form-data\">\r\n\t\t\t<input type='hidden' value='1830' name='wpcf_nd_send_id' id='wpcf_nd_send_id' \/>\r\n\t\t\t<input type=\"hidden\" id=\"wpcf_nonce_field\" name=\"wpcf_nonce_field\" value=\"8f280282eb\" \/>\r\n<div class=\"rendered-form\"><div class=\"\"><h1 id=\"control-9199569\">Indmeldelse til VUGs Venner<\/h1><\/div><div class=\"fb-text form-group field-name-field\"><label for=\"name-field\" class=\"fb-text-label\">Navn<span class=\"fb-required\">*<\/span><\/label><input type=\"text\" placeholder=\"Skriv dit navn her\" name=\"name-field\" id=\"name-field\" required=\"required\" aria-required=\"true\"><\/div><div class=\"fb-text form-group field-email-field\"><label for=\"email-field\" class=\"fb-text-label\">Email<span class=\"fb-required\">*<\/span><\/label><input type=\"email\" placeholder=\"Skriv din email her\" name=\"email-field\" id=\"email-field\" required=\"required\" aria-required=\"true\"><\/div><div class=\"fb-text form-group field-text-1644232648756\"><label for=\"text-1644232648756\" class=\"fb-text-label\">Telefon nummer<span class=\"fb-required\">*<\/span><\/label><input type=\"text\" placeholder=\"Indtask dit telefon nummer. Eks. 12345678\" class=\"form-control\" name=\"text-1644232648756\" id=\"text-1644232648756\" required=\"required\" aria-required=\"true\"><\/div><div class=\"fb-textarea form-group field-message\"><label for=\"message\" class=\"fb-textarea-label\">Eventuelt meddelelse<\/label><textarea type=\"textarea\" placeholder=\"Her kan du skrive en meddelelse til os\" name=\"message\" id=\"message\"><\/textarea><\/div><\/div><div class=\"g-recaptcha wpcf_g_recaptcha wpcf_g_recaptcha_36387951565\" id=\"wpcf_g_recaptcha_36387951565\"><\/div><p><input type=\"checkbox\" name=\"gdpr_agree\" id=\"gdpr_agree\" class=\"gdpr_input\" \/><label for=\"gdpr_agree\" class=\"gdpr_label\">Jeg er indforst\u00e5et med at VUGs Venner opbevarer Navn, Email og Telefonnummer udelukkende til brug for kontakt ved arrangementer i forbindelse med medlemskabet. Informationerne kan til enhver tid bliver slettet ved henvendelse til: Palle Emanuel Telefon: 31 43 23 77.<\/label><\/p>\r\n<p><input type='submit'  value='Send' name='wpcf_nd_submit' id='wpcf_nd_submit' class='wpcf_nd_submit wpcf_nd_submit_36387951565' cfid='36387951565' \/><\/p>\r\n<\/form>\r\n<\/div>\r\n<\/p>\n","protected":false},"excerpt":{"rendered":"<p>HVEM ER VUGs VENNER? VUG&#8217;s venner er en st\u00f8tte forening for Vesterbro Ungdomsg\u00e5rd. Absalonsgade8.dk er foreningens hjemmeside. Initiativet til at stifte foreningen &#8211; VUGs Venner &#8211; blev taget af en gruppe gamle medlemmer i forbindelse med Vesterbro Ungdomsg\u00e5rd 50 \u00e5rs &hellip; <a href=\"http:\/\/www.absalonsgade8.dk\/?page_id=15\">L\u00e6s resten <span class=\"meta-nav\">&rarr;<\/span><\/a><\/p>\n","protected":false},"author":1,"featured_media":0,"parent":0,"menu_order":3,"comment_status":"closed","ping_status":"closed","template":"","meta":{"footnotes":""},"class_list":["post-15","page","type-page","status-publish","hentry"],"_links":{"self":[{"href":"http:\/\/www.absalonsgade8.dk\/index.php?rest_route=\/wp\/v2\/pages\/15","targetHints":{"allow":["GET"]}}],"collection":[{"href":"http:\/\/www.absalonsgade8.dk\/index.php?rest_route=\/wp\/v2\/pages"}],"about":[{"href":"http:\/\/www.absalonsgade8.dk\/index.php?rest_route=\/wp\/v2\/types\/page"}],"author":[{"embeddable":true,"href":"http:\/\/www.absalonsgade8.dk\/index.php?rest_route=\/wp\/v2\/users\/1"}],"replies":[{"embeddable":true,"href":"http:\/\/www.absalonsgade8.dk\/index.php?rest_route=%2Fwp%2Fv2%2Fcomments&post=15"}],"version-history":[{"count":32,"href":"http:\/\/www.absalonsgade8.dk\/index.php?rest_route=\/wp\/v2\/pages\/15\/revisions"}],"predecessor-version":[{"id":1994,"href":"http:\/\/www.absalonsgade8.dk\/index.php?rest_route=\/wp\/v2\/pages\/15\/revisions\/1994"}],"wp:attachment":[{"href":"http:\/\/www.absalonsgade8.dk\/index.php?rest_route=%2Fwp%2Fv2%2Fmedia&parent=15"}],"curies":[{"name":"wp","href":"https:\/\/api.w.org\/{rel}","templated":true}]}}